when i is divided by l?
2
Let h be (-2)/3 - (-170)/30. Suppose 4*m + 4*d = 96, -5*m + h*d + 0*d = -80. Calculate the remainder when 159 is divided by m.
19
Suppose -3228 = -2*v - 10*v. Let y = v + -187. Calculate the remainder when y is divided by 23.
13
Let f be ((-12)/18)/(10/(-225)). Calculate the remainder when (-6)/f + 27/5 is divided by 5.
0
Suppose 341173*n - 341160*n - 27599 = 0. Calculate the remainder when n is divided by 9.
8
Let q = -9620 + 9667. Calculate the remainder when 249 is divided by q.
14
Calculate the remainder when 4/10 - 208/(-5) is divided by (-4)/6*17/(136/(-36)).
0
Let l = -1081 + 1133. Calculate the remainder when 2/8 + -1 - 10857/(-188) is divided by l.
5
Suppose 0 = -4*v + 3*i + 180, 4*i + 100 = -0*v + 2*v. Suppose 49*h - 52*h + 33 = 0. What is the remainder when v is divided by h?
9
Let l be 2/8 - ((-1)/(-4) - 0). Suppose v - 5*z = -2*z + 59, l = v + 3*z - 83. Let j = -62 + v. What is the remainder when 19 is divided by j?
1
Let r be 524 - (-2 - (-5 + 6)). Suppose -34*j + 17*j = -r. Calculate the remainder when j is divided by 5.
1
Suppose -d + 2*l = 3*d - 2166, 3*d - 4*l - 1622 = 0. Calculate the remainder when d is divided by 21.
17
Suppose -4*v - v = 0. Suppose v*j - 2*j - 114 = 0. Let u = 28 - j. Calculate the remainder when u is divided by 29.
27
Let d = -3657 - -3690. Calculate the remainder when 54 is divided by d.
21
Suppose 4*i + 0*k = 2*k + 492, 492 = 4*i + 3*k. Calculate the remainder when i is divided by 22 - (-16 + -1 + (8 - 0)).
30
Let k be (-20)/150*1 + 5374/30. Let t = k - 148. Calculate the remainder when 40 is divided by t.
9
Suppose -14*x - 75 = -9*x. Calculate the remainder when (-1)/((-2)/591)*(x + 17) is divided by 27.
24
Suppose 18*w = 23*w + 10. What is the remainder when (3 + 7/w)*-232 is divided by 24?
20
Suppose 829 = -37*t + 7119. What is the remainder when t is divided by 92?
78
Suppose -2*o - 19 = -39. Let j be (-6 + 63/12)/((-1)/4). Suppose -94 = -j*h - 4*i, -h - 5 = -i - 27. Calculate the remainder when h is divided by o.
6
Let t(d) = -14*d**2 + 497*d + 385. Suppose -4*b + 42 + 8 = 2*p, 3*p + 2*b = 55. What is the remainder when t(36) is divided by p?
13
Calculate the remainder when 6 + -1*24*1*5258/(-33) is divided by 19.
11
Let u be (-98)/10 - (-6 + (-31)/(-5)). Calculate the remainder when 239 is divided by 9/((-135)/u)*45.
29
Let l be (-8 + 5 + 4)*5. Suppose 4*b - l*t - 15 = -b, -3*b - 2*t = -34. Suppose 3*x + 2*x = v + 198, -b = -4*v. Calculate the remainder when x is divided by 21.
19
Suppose -5*z = d - 636, 23*d + 108 = z + 28*d. What is the remainder when z is divided by 22?
18
Let j(a) = -207*a + 10. Let h be j(-3). Suppose 3*m = 4*r - h, 2*m = -2*r + 4*m + 314. Suppose 9*n = 4*n + r. What is the remainder when n is divided by 7?
4
Let i = -2 - -4. Let y be -2 + -3 - 4*(-2 + -1). Suppose -y*k + 3 = -11. Calculate the remainder when k is divided by i.
0
Suppose -4726 - 371 = -10*n - 367. What is the remainder when n is divided by 232?
9
Let b(i) = i**2 - 54*i - 106. Let w be ((-328)/(-16))/(2/8). Let q = -35 + w. What is the remainder when q is divided by b(-2)?
5
Suppose 2 = w, d + 2*w - 2 = -3*w. What is the remainder when (d - -2) + (39 - -1) is divided by 18?
16
Suppose 0*m + 7 = 3*j + 5*m, 4*m = 8. Let s = j + 19. Calculate the remainder when 75 is divided by (-2)/(-12) - (-465)/s.
23
Let h = 126 - 77. Let r(d) = -d**3 + d**2 + 5*d - 10. Let z be r(4). Let k = z + h. What is the remainder when 42 is divided by k?
9
Let d(h) = -8 + 3*h + 0*h + h. Suppose 7 = 4*b + k - 4*k, 3*b + 2*k - 18 = 0. Calculate the remainder when d(5) is divided by b.
0
Let n(w) = -w + 1. Let u(h) = 7*h - 50. Let s(l) = -2*n(l) + u(l). Let i = 34 - -21. Calculate the remainder when i is divided by s(8).
15
What is the remainder when -7 - (-92735)/153 - 1/9 is divided by 55?
49
Let u(j) = -j**3 - 4*j**2 + 74*j + 369. Calculate the remainder when 334 is divided by u(-5).
22
Let a be (-22)/5*10/(-2). Suppose -90 = -28*i + a*i. What is the remainder when 3/i + 522/15 is divided by 8?
3
Calculate the remainder when (-36)/48600*-54 + 214549/25 is divided by 29.
27
Let z = 31 - 28. Suppose z*d + 19 = 4*d. Let i(r) = r**2 - 2*r + 10. What is the remainder when i(-7) is divided by d?
16
Suppose 47*f - 50*f = -177. Calculate the remainder when 281 is divided by f.
45
What is the remainder when 4995/9 + 11/1 is divided by 176?
38
Suppose -2*z - 4 + 10 = 0, -k + 4679 = 4*z. Calculate the remainder when k is divided by 12.
11
Calculate the remainder when -8*(-14)/560*1795 is divided by 15.
14
Let f = -12658 + 14901. Calculate the remainder when f is divided by 11.
10
Let t be 3 - (4/6 + 980/(-12)). Suppose 4*n = -36 + t. Suppose -9*i = -13*i + n. What is the remainder when 16 is divided by i?
1
Suppose -1519 - 951 = -2*k. Calculate the remainder when k is divided by 40.
35
Let h = 8480 + -8333. Calculate the remainder when 452 is divided by h.
11
Let h = 55 - 30. Suppose -5*k - h = 0, -m - 3*k = 25 - 6. Let d = 49 + m. Calculate the remainder when 84 is divided by d.
39
Let k = 295 - 413. Let l = -97 - k. Calculate the remainder when 65 is divided by l.
2
Suppose -14 = -5*m - 2 + 18. Let q = 174 - 103. Calculate the remainder when q is divided by m.
5
Let i = -24498 + 25046. Calculate the remainder when i is divided by 50.
48
Let v(c) = c**3 - 7*c**2 + 7*c - 108. Let j = -41 + 57. Let g = 46 - j. Calculate the remainder when g is divided by v(8).
6
What is the remainder when 2 - (4 + 4 + 2/(-2) + -563) is divided by 104?
38
Let b = -3885 + 4031. Calculate the remainder when b is divided by 38.
32
Let u be (-4)/(-12) - 13/3. What is the remainder when (-29)/(-3*(-3)/(-9)) + u is divided by 6?
1
Calculate the remainder when (1058 - 1) + (-155 - -133) is divided by 173.
170
Let f(c) = -156*c + 4251. Calculate the remainder when 1084 is divided by f(27).
31
Suppose 5*k = 5*a - 117 + 12, -4*k = -12. Let s = 307 - 304. Suppose 0*y + a = s*y. What is the remainder when 30 is divided by y?
6
Suppose 0 = 2*w + 9 - 41. Let g(o) = o**3 + 24*o**2 + 2*o + 53. Let p be g(-24). Suppose p*r - 175 = 100. Calculate the remainder when r is divided by w.
7
Suppose -4*c - 5*k + 167 = 0, 8*k - 219 = -5*c + 12*k. Suppose -703 = -c*p + 24*p. Calculate the remainder when p is divided by 11.
4
Let b(q) = q**2 - q - 2. Let f(o) = 4*o**2 + 6*o - 57. Let n(w) = -12*b(w) + 4*f(w). Calculate the remainder when n(5) is divided by 24.
4
Suppose -3*p - 178 = -5*s, 0 = s + 4*p - 2*p - 46. Calculate the remainder when 227 is divided by s.
37
Suppose 74*i - 10041 + 4491 = 0. Let r = 12 + -5. Calculate the remainder when i is divided by r.
5
Let k(x) = -x + 15. Let g be k(4). Suppose -g*u = -4*a - 15*u + 116, 4*u + 100 = 4*a. Calculate the remainder when 101 is divided by a.
20
Let y be 60/(-25)*10/(-3). Let i = 169 - 75. What is the remainder when i is divided by 1*y*((-2 - 2) + 8)?
30
Let f be (-9)/3 + 0 - -7. Suppose -34 = -f*o - 3*c + 1, -5*o - 4*c = -44. Calculate the remainder when 141 is divided by o.
5
Suppose -21 = r - 38. Suppose 0 = c + 4*i - 346, 2*c + i = 7*c - 1772. Calculate the remainder when c is divided by r.
14
Let m be 2/(-4) + ((-60)/8)/(-1). Suppose 26*s - 1320 = -m*s. What is the remainder when 237 is divided by s?
37
Suppose 1 = -b - 3*z, 7*b - 20 = 5*b + 5*z. Suppose b*f = -5, -2*o - 2*f + 10 = 2*o. What is the remainder when 21 is divided by o?
0
Let d(y) = -y**2 + 16*y + 43. Let v be d(18). Let b(o) = -o**2 + 4*o + 21. Let t be b(v). Calculate the remainder when 5/(-20)*t + 9 is divided by 3.
0
Let g(t) = 232*t**2 + 4*t + 3. Suppose 5*p + 1 = 4*r, p + 7*r - 4*r + 4 = 0. Calculate the remainder when g(p) is divided by 26.
23
Suppose 0 = -4*d - 12, 4*y + d - 3*d = 58. Suppose y*v - 9*v = 20. Suppose -56 + 16 = -v*o. Calculate the remainder when 39 is divided by o.
7
Suppose -35*y + 131 = -744. Let n = 43 + 38. Suppose n = 4*x + 25. Calculate the remainder when y is divided by x.
11
Suppose 0 = 6*g - 528 + 72. Suppose -93*z + 1183 = -1328. What is the remainder when g is divided by z?
22
Suppose -6 = c, 26*f - 2*c = 24*f + 36. What is the remainder when 2602 is divided by f?
10
Let r = 23267 - 23245. What is the remainder when 26420 is divided by r?
20
Let f = 2 - -6. Let a be 14/1*(-130)/(-91). Suppose 0 = -2*l + 6